 w and 36.
4
Suppose -335*z + 735 = -320*z. What is the greatest common factor of z and 539?
49
Let w = 91 - -251. Suppose -4*f + w - 118 = 0. Calculate the highest common factor of 7 and f.
7
Suppose 99 = 2*s - 3*m + 78, -m + 3 = 0. Let d = -6 + 9. Calculate the greatest common divisor of d and s.
3
Suppose 34*k - 35*k - 77 = 0. Let z = -57 - k. Calculate the highest common factor of z and 4.
4
Let v be (1 - 4/(-2))*-1. Let o be 9/v + 2 + 9. Suppose 28 = -0*y + 7*y. Calculate the highest common factor of o and y.
4
Let a be 2 + -7*(-2 - 2). Suppose 0 = -10*b - 231 - 409. Let j = -61 - b. What is the highest common divisor of a and j?
3
Suppose 6*m - 5*m = -3*z + 37, z = -4*m + 93. Calculate the greatest common divisor of 506 and m.
22
Suppose -4*w + p = -6, -10 = -3*w + w - 3*p. Let r(b) = 6 + 0 + b**w + 9*b + 3. Let i be r(-9). What is the highest common factor of i and 27?
9
Suppose -4*i = -5*j - 0*i - 349, -2*i = -4*j - 284. Let l = 8 - j. Let n = 2 - -7. What is the greatest common factor of n and l?
9
Suppose 2*z = 3*z - 18. Let q = 26 - z. Let j be 56/10*20/q. What is the highest common divisor of j and 28?
14
Let w(n) = -2*n**3 - 29*n**2 + 3*n + 15. Let y be w(-15). What is the highest common divisor of 30 and y?
15
Let m(u) = -37 + 36 + 0*u**3 + 25*u**3. Suppose 1 = 4*s - 3. Let d be m(s). What is the highest common divisor of 8 and d?
8
Let m be (-2 + 2)*(4 - 9)/(-10). Suppose 3*j = m, -3*f - 42 = -j - 240. What is the greatest common divisor of f and 6?
6
Suppose -5*f + 3*f + 28 = -6. Let u(i) = 74*i + 8. Let t be u(6). Let w = t - 299. Calculate the highest common divisor of f and w.
17
Let y be 6/(4/(-24)*-4). Suppose y - 26 = -i. Let h be 245/85 - (-2)/i. Calculate the highest common divisor of h and 12.
3
Let x be 639/(3 + 0) + 0. Suppose -4*d + n = -237, -x = -3*d - n - 44. Let y = -128 + 215. Calculate the greatest common divisor of d and y.
29
Suppose 0 = 19*q - 23*q + 48. Suppose -4*d + 0*d + 432 = -3*l, 5*d - 540 = 4*l. What is the highest common factor of q and d?
12
Let j = 17576 + -17541. Suppose -5*s + 35 = 5*m, -5*m + 3 = -7. What is the highest common factor of s and j?
5
Let f be 12/(-2)*4/(-3). Let v(c) = 2*c + 96. Let b be v(-28). What is the highest common factor of f and b?
8
Let u = 45 - 22. Suppose 4*g = -0*m + 5*m - 30, -m = 5*g + u. Suppose m*h + 9 = 2*b + 49, -3*b + 65 = 2*h. What is the greatest common factor of 5 and h?
5
Let z(r) = 2 + 3*r**2 - 2*r**2 - 9*r + 2*r. Let o be -3*(-2)/15 - 57/5. Let n be z(o). Calculate the highest common divisor of n and 20.
20
Let j(w) = -5 + 1 + w - 6. Let a be j(5). Let t be (-225)/a + -1 + -2. What is the highest common divisor of 28 and t?
14
Let i = -621 + 944. Calculate the greatest common divisor of i and 68.
17
Suppose 4*r = -0*r - 444. Let j = 183 + r. Suppose -2*w + 36 = 2*w - t, 2*t = -5*w + 45. Calculate the highest common divisor of w and j.
9
Suppose 0*m = -2*m + 2*b + 214, 5*m = -b + 529. Let q = -31 + m. What is the highest common divisor of q and 15?
15
Let u be (-2 - 2)*1416/16. Let j be 12/(-48) - u/8. Calculate the highest common factor of j and 11.
11
Let z(n) = -n**3 + 5*n**2 + n + 6. Let a = 9 - -9. Suppose -2 = -4*l + a. Let s be z(l). What is the greatest common divisor of s and 66?
11
Let s be -1 + ((-177)/(-3) - 3). Suppose 6*x - 7*x = -22. Suppose -d - d = -x. What is the greatest common divisor of d and s?
11
Let c(l) = -14*l + 517. Let r be c(-29). What is the highest common factor of r and 142?
71
Suppose 4*a - 2*t = 628, 0 = 22*a - 24*a + 2*t + 316. Calculate the highest common divisor of 12 and a.
12
Let y(d) = 2*d**3 - 13*d**2 - 7*d + 5. Let m be y(8). What is the highest common divisor of 47 and m?
47
Let n be (-1329)/886*(-1 - 82/6). Calculate the highest common factor of 33 and n.
11
Let b = -30 + 46. Let c = -4 + b. Suppose 2 = 4*n - 10. What is the greatest common divisor of n and c?
3
Let y = -26 + 29. Suppose -12 = -0*l - y*l. Calculate the highest common factor of l and 28.
4
Suppose 3*t + 4*j - 154 + 56 = 0, -4*t = -4*j - 84. Calculate the highest common divisor of 65 and t.
13
Suppose -7*g + 60 = 8*g. Suppose -f + g*u + 9 = -16, -5*f - 3*u + 79 = 0. Calculate the highest common divisor of 34 and f.
17
Suppose 74*j - 69*j - 40 = 0. Suppose 3*l - 193 = -25. What is the highest common factor of l and j?
8
Suppose 3*s = u + 5*s + 21, 0 = -5*u + 5*s - 60. Let y(j) = -j - 7. Let w be y(u). Let f be (-6)/15 - (-282)/5. What is the highest common factor of w and f?
8
Let r be (12/(-1))/(4/(-18)). Let n be 5 + 1 + 3 + -3. What is the greatest common divisor of r and n?
6
Let c be (-1*1)/(14/(-630)). Suppose 4*t - c - 19 = 0. Let h = 29 - t. What is the greatest common divisor of h and 13?
13
Let k be ((-3306)/58)/((-2)/6). What is the greatest common factor of 19 and k?
19
Let j(n) = -2*n**3 + 31*n**2 - 6*n + 3. Let w be j(11). What is the highest common divisor of w and 456?
114
Suppose -j = h + j - 1, 5*j = -20. Let t(a) = 8 + h - 3 - a - 2. Let m be t(0). Calculate the highest common factor of 30 and m.
6
Suppose -120 = -27*o + 7*o. Calculate the greatest common divisor of o and 6.
6
Let v = 1633 + -734. Calculate the greatest common divisor of v and 62.
31
Let r(i) = i + 1. Let o(u) = 9*u - 3. Let n(y) = -o(y) + 6*r(y). Let p = -3 + -1. Let b be n(p). Calculate the greatest common divisor of 84 and b.
21
Let p = 44 - 25. Suppose 5*o + 33 = 4*f, 3*f + 2*o + p = -3*o. Let a = 232 - 228. Calculate the greatest common factor of f and a.
2
Let g = 17 + -27. Let t = 2 - g. Let h(l) = -10*l + 6. Let a be h(-3). Calculate the greatest common factor of a and t.
12
Let c(r) = r**3 + 8*r**2 - 8*r + 10. Let j be c(-6). Calculate the greatest common factor of j and 195.
65
Suppose -g = 6*g - 28. Suppose 0 = z - 2*l - 131, -584 = -g*z - l - 42. What is the highest common factor of 54 and z?
27
Suppose -86 + 26 = -5*p. Let n(d) = -4*d + 56. Let s be n(-25). Calculate the greatest common factor of p and s.
12
Suppose 4*o - 19*y = -15*y + 244, 3*o - 163 = -2*y. Calculate the greatest common divisor of 399 and o.
57
Let g(l) = l**3 - 8*l**2 + 7*l + 2. Let c be g(7). Suppose 230 = 4*v - c*v. Suppose -v = 27*h - 32*h. What is the highest common divisor of h and 184?
23
Let y = 252 + -36. What is the highest common divisor of 24 and y?
24
Suppose -20 = -14*c + 10*c. Suppose 2 = 2*k - 0*k. Calculate the highest common factor of c and k.
1
Suppose -3*i = -13 - 59. Suppose -20*z = -22*z + i. What is the greatest common divisor of 24 and z?
12
Suppose -2*o = 177 - 213. Calculate the highest common factor of 606 and o.
6
Let d be 79 + (-8 - -4 - 0). Let y = -636 - -661. Calculate the highest common divisor of d and y.
25
Suppose -5*t + 174 = -41. What is the highest common divisor of 86 and t?
43
Let g = -28 + 34. Let a be 5*((g - 5) + 4). What is the highest common factor of a and 75?
25
Let m be 125/8 - (-6)/64*4. Let i(f) = -f**3 - 7*f**2 + 11*f + 8. Let o be i(-8). Let r be (o/3)/(2/(-9)). Calculate the greatest common factor of m and r.
8
Suppose 10211 - 1697 = -9*q. Let m be (10/(-20))/(1/q). Calculate the greatest common divisor of 43 and m.
43
Suppose 0 = -4*r + 4*t + 720, 0 = 2*r + 5*t - t - 330. Suppose 0 = -i + r - 4. What is the greatest common factor of i and 19?
19
Suppose 946 = 12*d - 230. Calculate the highest common factor of d and 245.
49
Let i = 640 - 596. Calculate the greatest common factor of 20 and i.
4
Let p be (276 + -2)/(-2) + 2. Let n = -93 - p. Let u be 18/(-21) + (-4 - (-1538)/14). Calculate the highest common divisor of n and u.
21
Let i be (-42)/(-2)*2/3. Let d = 33 - i. Calculate the greatest common factor of 19 and d.
19
Suppose 3*c + 13 - 25 = 0. Suppose -2*t + 65 = -t + 5*q, -c*q + 160 = 2*t. What is the greatest common divisor of 18 and t?
18
Let u(z) = -z**2 + z + 27. Let o be u(5). Let r(v) = 8*v + 4. Let m be r(o). Calculate the highest common factor of m and 12.
12
Let m be -21*((-256)/(-12))/(-8). Calculate the highest common divisor of 1204 and m.
28
Suppose -2*q + q = 5, 5*q + 335 = 5*n. Suppose 2*m + n = -42. Let f be m/8*(0 + -2). What is the greatest common divisor of 52 and f?
13
Suppose 0 = -5*x - 40 + 110. Let v(t) = -6*t**2 + 69*t - 31. Let q be v(11). Calculate the highest common divisor of x and q.
2
Let 